prime?
True
Is 25774181 prime?
True
Is 13037503 a composite number?
False
Is 293831 a composite number?
False
Is 669876677 composite?
False
Is 418991 a composite number?
True
Is 3819691 a composite number?
False
Is 1837163 a prime number?
False
Is 2375446 composite?
True
Is 22428709 a composite number?
False
Is 52766687 prime?
True
Is 4740095 a composite number?
True
Is 347307 composite?
True
Is 27622913 prime?
False
Is 19027633 a composite number?
False
Is 18272749 a prime number?
False
Is 160178167 prime?
False
Is 25100401 prime?
True
Is 63352741 prime?
False
Is 17654753 a prime number?
True
Is 2127337643 a composite number?
True
Is 137633047 a composite number?
False
Is 18550507 a prime number?
True
Is 8779233 prime?
False
Is 49791801 a composite number?
True
Is 13639859 composite?
False
Is 343448801 composite?
False
Is 46981721 a composite number?
True
Is 26940769 a prime number?
True
Is 255571 prime?
True
Is 332247703 a composite number?
True
Is 77002 a composite number?
True
Is 449560973 a prime number?
False
Is 38258489 a composite number?
False
Is 10804777 prime?
False
Is 2264011 a prime number?
False
Is 3736013 a composite number?
True
Is 53841517 composite?
False
Is 420691 a composite number?
False
Is 151691 a prime number?
False
Is 4476595 prime?
False
Is 7228847 composite?
True
Is 129097 a prime number?
True
Is 296722603 a composite number?
False
Is 213772291 composite?
False
Is 6348227 prime?
False
Is 59606381 composite?
False
Is 4825082 a composite number?
True
Is 20339959 a composite number?
False
Is 1283511913 a prime number?
False
Is 1263209 prime?
True
Is 13316027 composite?
False
Is 26415787 prime?
True
Is 2112307 composite?
False
Is 624961 composite?
False
Is 62419193 a prime number?
True
Is 487561 composite?
False
Is 1097981 composite?
True
Is 9423623 composite?
True
Is 247815697 a composite number?
True
Is 101474621 a composite number?
False
Is 300772019 prime?
True
Is 36283499 composite?
True
Is 72573827 a composite number?
False
Is 314046311 prime?
True
Is 212028307 prime?
True
Is 29929915 prime?
False
Is 148081177 composite?
False
Is 30121969 prime?
True
Is 419873 prime?
True
Is 22165991 prime?
True
Is 1534183 a composite number?
True
Is 143053 prime?
True
Is 75151379 a composite number?
False
Is 136275257 composite?
False
Is 1770887 a composite number?
False
Is 2432929 composite?
False
Is 54700091 composite?
False
Is 120727147 prime?
True
Is 3087361 composite?
True
Is 19341139 a composite number?
False
Is 189913 a prime number?
True
Is 108040307 a prime number?
True
Is 256453 a composite number?
True
Is 242990686 a composite number?
True
Is 573426419 a composite number?
False
Is 19427159 a prime number?
True
Is 30955159 composite?
False
Is 912997 a composite number?
True
Is 26615111 composite?
True
Is 89299057 a composite number?
False
Is 4925423 a prime number?
False
Is 5931007 a composite number?
True
Is 38468258 a composite number?
True
Is 4558969 a composite number?
True
Is 3592079 a composite number?
True
Is 16514521 a composite number?
True
Is 7066954 a prime number?
False
Is 299184261 a composite number?
True
Is 43557809 composite?
False
Is 5956663 a prime number?
True
Is 206097869 composite?
False
Is 16265399 prime?
True
Is 49202197 a composite number?
True
Is 65078939 a composite number?
False
Is 196116781 composite?
True
Is 3477773 composite?
True
Is 124496551 a composite number?
False
Is 96268499 composite?
False
Is 160254559 composite?
False
Is 441445057 composite?
False
Is 154174057 composite?
False
Is 2510477 composite?
False
Is 17521261 a prime number?
True
Is 34476853 a composite number?
True
Is 10314011 composite?
False
Is 6862831 composite?
False
Is 2504291 composite?
False
Is 13796621 composite?
True
Is 209274499 prime?
False
Is 207434809 prime?
False
Is 455544451 prime?
False
Is 2658209 composite?
False
Is 139894277 a composite number?
False
Is 3035177 prime?
False
Is 2819899 a prime number?
True
Is 8430937 a prime number?
True
Is 66008357 composite?
False
Is 812921 prime?
True
Is 1597549 prime?
False
Is 5326331 a composite number?
False
Is 69265655 a prime number?
False
Is 8912881 a composite number?
True
Is 429245331 prime?
False
Is 438882967 composite?
False
Is 135319 composite?
False
Is 66579761 a composite number?
True
Is 9165281 prime?
False
Is 156601 prime?
True
Is 16490971 prime?
False
Is 432681461 composite?
True
Is 3943301 composite?
False
Is 527774615 composite?
True
Is 554781133 prime?
False
Is 12786989 composite?
True
Is 56629273 prime?
False
Is 769781 a prime number?
True
Is 24977467 a composite number?
False
Is 19537601 composite?
True
Is 37871105 prime?
False
Is 731077 a composite number?
True
Is 7518529 prime?
True
Is 119788447 composite?
False
Is 2590543 a composite number?
True
Is 94502701 composite?
True
Is 37673501 composite?
False
Is 1429631 prime?
False
Is 152030927 a composite number?
False
Is 132541 prime?
True
Is 31606181 composite?
False
Is 10117099 prime?
False
Is 68400439 prime?
True
Is 168347 prime?
True
Is 861649 a prime number?
False
Is 528863 a composite number?
False
Is 5019767 composite?
False
Is 595706641 a composite number?
False
Is 22368797 prime?
False
Is 355121467 a composite number?
False
Is 1539281 a prime number?
True
Is 40410649 prime?
False
Is 49873771 prime?
False
Is 2265251 prime?
False
Is 3738907 prime?
True
Is 38474137 a prime number?
False
Is 8145073 composite?
False
Is 11934463 prime?
False
Is 2874013 composite?
True
Is 86914349 prime?
True
Is 283051 a composite number?
False
Is 473354003 a prime number?
True
Is 2176151 prime?
True
Is 44100521 a prime number?
True
Is 16915823 a prime number?
True
Is 2897341 a composite number?
False
Is 114017257 a composite number?
True
Is 73008329 a composite number?
False
Is 2576029 a prime number?
False
Is 2901029 composite?
False
Is 395209 a prime number?
False
Is 147481 prime?
True
Is 1384037803 a composite number?
False
Is 1571407 prime?
False
Is 29683873 a composite number?
False
Is 189864461 composite?
False
Is 7529689 prime?
False
Is 3102581 a prime number?
True
Is 167390753 a prime number?
False
Is 1253513 prime?
True
Is 419886917 a composite number?
True
Is 306595349 a prime number?
True
Is 94875853 composite?
False
Is 872299 composite?
True
Is 3972071 prime?
True
Is 11426479 prime?
True
Is 3336667 composite?
True
Is 11001103 a prime number?
True
Is 66690389 prime?
True
Is 1381819 composite?
False
Is 1109633 composite?
True
Is 48017 a prime number?
True
Is 2882993 a composite number?
False
Is 2761789 a prime number?
True
Is 122865601 a composite number?
True
Is 29309537 a prime number?
True
Is 41577919 prime?
True
Is 6338589 prime?
False
Is 1465799 a prime number?
False
Is 14885726 composite?
True
Is 109949783 prime?
True
Is 1108031 a composite number?
True
Is 12186491 a prime number?
False
Is 41492335 prime?
False
Is 49897013 a prime number?
True
Is 1795163 a composite number?
True
Is 3715903 a prime number?
False
Is 14794453 a prime number?
True
Is 7777507 a prime number?
False
Is 16022345 composite?
True
Is 6341263 prime?
True
Is 65607527 a prime number?
True
Is 20930159 a prime number?
True
Is 2149666 composite?
True
Is 8988979 prime?
True
Is 6828889 a prime number?
False
Is 195589313 prime?
True
Is 4148231 prime?
False
Is 23641193 a composite number?
False
Is 148797083 prime?
True
Is 1731671 a prime number?
False
Is 14165617 prime?
True
Is 605845 a composite number?
True
Is 6622631 a prime number?
True
Is 688001 a prime number?
False
Is 129155551 prime?
False
Is 53052607 prime?
True
Is 316209107 composite?
False
Is 123170651 a composite number?
True
Is 2315791 composite?
True
Is 3912659 composite?
True
Is 18232273 prime?
False
Is 14012314 prime?
False
Is 1351853 prime?
True
Is 76432222 prime?
False
Is 1761083 a composite number?
True
Is 490697 a prime number?
True
Is 2164277 a prime number?
False
Is 2236897 prime?
False
Is 23041255 composite?
True
Is 4142023 a prime number?
True
Is 167905019 a composite number?
False
Is 1497 prime?
False
Is 9226937 a composite number?
True
Is 364103 a composite number?
False
Is 126072563 composite?
False
Is 1393169 composite?
True
Is 13913969 composite?
False
Is 203643383 prime?
True
Is 13666123 a composite number?
False
Is 10610933 composite?
False
Is 39982177